 number?
False
Is 110015903 prime?
True
Is 5571523 composite?
False
Is 39998111 a composite number?
False
Is 35639129 composite?
False
Is 60434171 prime?
False
Is 25929061 composite?
True
Is 31522511 prime?
False
Is 3471079 prime?
False
Is 69758935 prime?
False
Is 10662511 a composite number?
True
Is 9960119 a composite number?
True
Is 843659 composite?
True
Is 1120831 a prime number?
True
Is 43497571 composite?
True
Is 87498641 composite?
False
Is 4929011 a composite number?
True
Is 2572937 prime?
True
Is 559 a prime number?
False
Is 49214981 a prime number?
True
Is 2256233 prime?
False
Is 130873 a composite number?
False
Is 3968639 a prime number?
False
Is 168499 composite?
False
Is 5866417 composite?
False
Is 54009259 a composite number?
True
Is 722119 a composite number?
False
Is 2247899 a composite number?
False
Is 422836651 composite?
False
Is 1244662 a prime number?
False
Is 48879053 a composite number?
False
Is 2632717 composite?
False
Is 379795607 a composite number?
False
Is 47141821 a composite number?
False
Is 217017419 a composite number?
False
Is 18484351 a prime number?
True
Is 132836667 a prime number?
False
Is 40866797 composite?
False
Is 234137417 composite?
False
Is 116927419 a prime number?
False
Is 7952743 a prime number?
False
Is 15012251 prime?
True
Is 29162369 prime?
True
Is 221650721 composite?
False
Is 50130293 composite?
False
Is 31819405 prime?
False
Is 4569919 a composite number?
True
Is 117399617 a composite number?
False
Is 10344097 composite?
True
Is 2967871 a prime number?
False
Is 4184017 composite?
False
Is 370051 composite?
True
Is 374669 a composite number?
False
Is 168265739 prime?
False
Is 4654379 prime?
False
Is 2869157 composite?
True
Is 195412259 composite?
True
Is 8388277 a prime number?
True
Is 14439229 a composite number?
True
Is 1089920515 composite?
True
Is 34997341 composite?
True
Is 34015219 a composite number?
True
Is 92047997 prime?
True
Is 13546927 a composite number?
True
Is 470885323 prime?
False
Is 2084209 prime?
True
Is 69677683 a composite number?
False
Is 23523518 prime?
False
Is 72127766 composite?
True
Is 7291 a prime number?
False
Is 297463547 a composite number?
True
Is 50680549 prime?
True
Is 279439733 a composite number?
True
Is 98329585 a prime number?
False
Is 813863 composite?
False
Is 3933695 composite?
True
Is 48611227 a composite number?
True
Is 446639 a composite number?
True
Is 256348991 a composite number?
True
Is 49530199 a prime number?
True
Is 4441969 composite?
True
Is 31872497 a composite number?
False
Is 3700691 a prime number?
True
Is 7058869 prime?
False
Is 8079209 prime?
False
Is 50751838 a prime number?
False
Is 139709359 prime?
False
Is 128136077 prime?
False
Is 2159281 prime?
True
Is 291475246 composite?
True
Is 10387669 a prime number?
False
Is 665033 composite?
True
Is 21219259 composite?
False
Is 44372227 prime?
False
Is 2810287 composite?
True
Is 203969 a prime number?
True
Is 4328913 prime?
False
Is 214000879 a prime number?
False
Is 687787 a prime number?
True
Is 60830795 prime?
False
Is 1062850363 composite?
True
Is 442355911 a prime number?
False
Is 186150593 composite?
True
Is 9312949 composite?
False
Is 1487351 prime?
True
Is 742504513 prime?
True
Is 541169 prime?
False
Is 307514 a composite number?
True
Is 32992943 prime?
True
Is 61244567 a composite number?
False
Is 1536467 composite?
False
Is 7059683 a prime number?
True
Is 549805511 a prime number?
True
Is 11538601 a composite number?
False
Is 88681321 composite?
False
Is 81816103 composite?
False
Is 40942201 prime?
True
Is 29350353 composite?
True
Is 18535667 a composite number?
True
Is 5697661 a prime number?
True
Is 1571833 a prime number?
True
Is 184989863 prime?
True
Is 6094051 a composite number?
True
Is 94778459 a composite number?
False
Is 17832427 a prime number?
False
Is 8951519 prime?
False
Is 43264979 a composite number?
False
Is 299250491 prime?
True
Is 1781899 prime?
False
Is 56723311 a composite number?
False
Is 93517213 a composite number?
True
Is 12613769 composite?
True
Is 422837 a prime number?
False
Is 335379041 composite?
True
Is 1023335 prime?
False
Is 4524931 prime?
True
Is 50637521 prime?
False
Is 24690829 a prime number?
False
Is 99183839 prime?
True
Is 1934167 prime?
True
Is 36645963 a prime number?
False
Is 4266943 a composite number?
False
Is 55215141 prime?
False
Is 33587165 a composite number?
True
Is 3063869 composite?
False
Is 56643659 composite?
False
Is 39047303 composite?
True
Is 3557 a composite number?
False
Is 3577709 prime?
False
Is 1049219 a prime number?
True
Is 44509901 composite?
True
Is 704351 composite?
True
Is 153208261 a composite number?
False
Is 863959 a prime number?
True
Is 562789 a prime number?
True
Is 218584117 a composite number?
True
Is 1118147 a composite number?
False
Is 15641911 a composite number?
False
Is 220523767 a prime number?
True
Is 9483769 prime?
True
Is 1403411 a prime number?
True
Is 3882251 prime?
False
Is 6690169 a prime number?
True
Is 22362689 prime?
False
Is 44908789 prime?
False
Is 399218933 prime?
True
Is 33752393 composite?
True
Is 588347 prime?
True
Is 152187781 composite?
False
Is 325289 prime?
False
Is 7046273 a composite number?
True
Is 11516789 composite?
False
Is 1285841 a prime number?
True
Is 13264705 composite?
True
Is 1008901 composite?
False
Is 432781 a composite number?
False
Is 11402003 composite?
False
Is 4396949 a prime number?
False
Is 182320577 prime?
True
Is 50803229 composite?
True
Is 70853201 a composite number?
True
Is 62852347 composite?
False
Is 17651357 composite?
False
Is 8686631 composite?
True
Is 95111531 prime?
False
Is 73675313 prime?
False
Is 4632487 prime?
True
Is 135456247 a prime number?
False
Is 796829713 prime?
True
Is 28094218 composite?
True
Is 647951 prime?
True
Is 337749467 composite?
True
Is 6257039 composite?
True
Is 23399195 composite?
True
Is 1675831 prime?
True
Is 209927 a prime number?
True
Is 16057081 prime?
False
Is 381901339 a composite number?
True
Is 29517821 a composite number?
False
Is 76472423 composite?
False
Is 9648193 a prime number?
True
Is 3221899 prime?
True
Is 245471 a composite number?
False
Is 124525067 a prime number?
True
Is 4335519 prime?
False
Is 148223 a composite number?
True
Is 40078915 prime?
False
Is 7600279 a composite number?
True
Is 60679687 a composite number?
True
Is 1514599397 a prime number?
True
Is 46127113 a prime number?
False
Is 116304107 composite?
False
Is 12420321 a composite number?
True
Is 5586401 prime?
False
Is 25583699 prime?
False
Is 73202447 a prime number?
True
Is 10135871 a prime number?
True
Is 85850711 a prime number?
True
Is 78913691 a prime number?
True
Is 337541965 composite?
True
Is 720527 a composite number?
False
Is 124305359 prime?
True
Is 114873391 composite?
False
Is 22941881 a composite number?
False
Is 156128963 a composite number?
False
Is 203026589 composite?
True
Is 1196431 a prime number?
True
Is 24016141 prime?
True
Is 86938846 prime?
False
Is 85228261 a prime number?
True
Is 223157999 a composite number?
True
Is 2263411 a composite number?
False
Is 12410191 prime?
True
Is 14871827 prime?
False
Is 2190197 prime?
False
Is 69852477 a prime number?
False
Is 24941899 composite?
True
Is 9598397 a composite number?
False
Is 15537377 composite?
False
Is 11731081 prime?
False
Is 5077751 prime?
False
Is 796517 a prime number?
True
Is 261673 a composite number?
False
Is 107802043 prime?
False
Is 22926067 composite?
False
Is 311957 a prime number?
True
Is 34584227 a prime number?
False
Is 2957579 prime?
True
Is 68307235 a composite number?
True
Is 5457917 a prime number?
True
Is 546843277 a composite number?
False
Is 71772097 a composite number?
True
Is 2106131 composite?
True
Is 3771205 prime?
False
Is 34131437 a composite number?
False
Is 658260119 a composite number?
True
Is 78907858 a composite number?
True
Is 8656435 prime?
False
Is 14336711 a prime number?
True
Is 13444997 a prime number?
True
Is 2370343 composite?
False
Is 1277569 a prime number?
True
Is 233112079 prime?
True
Is 39971119 prime?
True
Is 86995123 a prime number?
True
Is 512636281 composite?
True
Is 1494739 a prime number?
True
Is 2599321 composite?
False
Is 3461453 prime?
True
Is 3388213 composite?
True
Is 177816253 prime?
True
Is 65486867 a co